{"id":58,"date":"2022-02-17T12:00:23","date_gmt":"2022-02-17T12:00:23","guid":{"rendered":"https:\/\/awpm.pt\/?page_id=58"},"modified":"2022-03-30T11:28:56","modified_gmt":"2022-03-30T11:28:56","slug":"discografia","status":"publish","type":"page","link":"https:\/\/awpm.pt\/en\/discografia\/","title":{"rendered":"Discography"},"content":{"rendered":"<p><strong>ASSOCIA\u00c7\u00c3O WUYTACK DE PEDAGOGIA MUSICAL<\/strong><br>R. Amial, 556-10A \u2013 4200-055 Porto, Portugal<\/p>\n\n\n\n<figure class=\"wp-block-table is-style-regular\"><table><tbody><tr><td>AWPM 001\u2013002<\/td><td>1992<\/td><td><em>Can\u00e7\u00f5es de Mimar<\/em><\/td><td>Songs and accompaniments, for piano and Orff instruments<\/td><\/tr><tr><td>AWPM 003<\/td><td>1995<\/td><td><em>Audi\u00e7\u00e3o Musical Activa<\/em><\/td><td>12 excerpts of works of various composers<\/td><\/tr><tr><td>AWPM 004<\/td><td>1996<\/td><td><em>Audici\u00f3n Musical Activa<\/em><\/td><td>13 excerpts of works of various composers<\/td><\/tr><tr><td>AWPM 005<\/td><td>1999<\/td><td><em>Can\u00e7\u00f5es Tradicionais Portuguesas<\/em><\/td><td>21 songs, for Soloists, Choir, and Orchestra<\/td><\/tr><tr><td>AWPM 006<\/td><td>2001<\/td><td><em>Singing Christmas<\/em><\/td><td>Songs and Cantata for Orchestra and Orff Instruments<\/td><\/tr><tr><td>AWPM 007<\/td><td>2002<\/td><td><em>Cantar o Natal. Cantar la Navidad<\/em><\/td><td>Christmas Songs, Cantata and Suite, for Choir and Orchestra<br>CD: Instrumental version<\/td><\/tr><tr><td>AWPM 008<\/td><td>2008<\/td><td><em>Carmina Europea<\/em><\/td><td>Traditional songs and dances from 25 UE countries.<\/td><\/tr><tr><td>AWPM 009<\/td><td>2016<\/td><td><em>Audi\u00e7\u00e3o Musical Activa 2<\/em><\/td><td>15 excerpts of works of various composers<\/td><\/tr><\/tbody><\/table><\/figure>\n\n\n\n<p><strong>HARMONIA MUNDI<\/strong><br>St. Michel de Provence, Fran\u00e7a<\/p>\n\n\n\n<figure class=\"wp-block-table\"><table><tbody><tr><td>HM 4504<\/td><td><em>Comptines et jeux<\/em><\/td><td>Counting games<\/td><\/tr><tr><td>HM 4505<\/td><td><em>Fabulettes<\/em><\/td><td>Little fables<\/td><\/tr><tr><td>HM 4506<\/td><td><em>Chantons les animaux<\/em><\/td><td>Animal songs<\/td><\/tr><tr><td><\/td><td><em>METHODE ORFF<\/em><\/td><td>ORFF METHOD<\/td><\/tr><tr><td>HM 30001<\/td><td><em>Tournois et Troubadours<\/em><\/td><td>Tournements and Troubadours<\/td><\/tr><tr><td>HM 30002<\/td><td><em>Rondes et Comptines 1<\/em><\/td><td>Rounds and rhymes 2<\/td><\/tr><tr><td>HM 30003<\/td><td><em>Le Printemps<\/em><\/td><td>Spring<\/td><\/tr><tr><td>HM 30004<\/td><td><em>L&#8217; \u00c9t\u00e9<\/em><\/td><td>Summer<\/td><\/tr><tr><td>HM 30005<\/td><td><em>La Ronde des Animaux<\/em><\/td><td>A round of animals<\/td><\/tr><tr><td>HM 30006<\/td><td><em>Rondes et Comptines 2<\/em><\/td><td>Rounds and rhymes 2<\/td><\/tr><tr><td>HM 30007<\/td><td><em>La Ronde des M\u00e9tiers<\/em><\/td><td>A round of crafts<\/td><\/tr><tr><td>HM 30008<\/td><td><em>Fl\u00fbte \u00e0 bec et Percussions<\/em><\/td><td>Recorder and percurssions<\/td><\/tr><tr><td>HM 30009<\/td><td><em>L&#8217; Hiver<\/em><\/td><td>Winter<\/td><\/tr><tr><td>HM 30010<\/td><td><em>La Ronde Autour de l&#8217; Europe<\/em><\/td><td>Around Europe<\/td><\/tr><\/tbody><\/table><\/figure>\n\n\n\n<p><strong>ONS DORADO<\/strong><br>Maria van Boergondielaan, 71, Bus 10 &#8211; 8000 Brugge, B\u00e9lgica<\/p>\n\n\n\n<figure class=\"wp-block-table\"><table><tbody><tr><td>N\u00ba107<\/td><td><em>Missa Activa<\/em><\/td><td>Missa<\/td><\/tr><tr><td>N\u00ba110<\/td><td><em>Kleine Kerstcantata<\/em><\/td><td>A little Christmas Cantata<\/td><\/tr><tr><td>Artec<\/td><td><em>Humoresken. 4 modale Nederlandse liederen<\/em><\/td><td>Humorous pieces. 4 Modal Flemish songs<\/td><\/tr><tr><td>EP 111<\/td><td><em>Chansons Fran\u00e7aises<\/em><\/td><td>French songs<\/td><\/tr><tr><td>Artec 45 t.<\/td><td><em>Bolero<\/em><\/td><td>Bolero<\/td><\/tr><tr><td>N\u00ba123<\/td><td><em>25 Jaar Ons Dorado<\/em><\/td><td>25th Anniversary of group Ons Dorado<\/td><\/tr><tr><td>KLA 1000\/801<\/td><td><em>Dances and Songs<\/em><\/td><td>Dances and songs<\/td><\/tr><tr><td>CD<\/td><td><em>Orff-Keetman-Wuytack<\/em><\/td><td>Pieces of C. Orff, G. Keetman, J. Wuytack<\/td><\/tr><\/tbody><\/table><\/figure>\n\n\n\n<p><strong>LEMMENSINSTITUUT<\/strong><br>Herestraat, 53 &#8211; 3000 Leuven, B\u00e9lgica<\/p>\n\n\n\n<figure class=\"wp-block-table\"><table><tbody><tr><td>J 5201<\/td><td><em>Lentekerk n\u00ba 11<\/em><\/td><td>Arrangements of various songs<\/td><\/tr><tr><td>J 5350<\/td><td><em>De geboorte van de Heer Jezus<\/em><\/td><td>Christmas Cantata, for soloists, Choir, classical and Orff instruments<\/td><\/tr><\/tbody><\/table><\/figure>\n\n\n\n<p><strong>JEUGDMUZIEKSCHOOL STERREBEEK<\/strong><\/p>\n\n\n\n<figure class=\"wp-block-table\"><table><tbody><tr><td>AV 35<\/td><td><em>Jeugdmuziekschool Sterrebeek musiceert<\/em><\/td><td>Quasi una Sonata, Polivitamines, The Little Train: pieces for Orff instruments<\/td><\/tr><\/tbody><\/table><\/figure>\n\n\n\n<p><strong>DUCHESNE<\/strong><br>Li\u00e9ge, B\u00e9lgica<\/p>\n\n\n\n<figure class=\"wp-block-table\"><table><tbody><tr><td>33 DD3016<\/td><td><em>Missa elementaria<\/em><\/td><td>Missa elementaria<\/td><\/tr><\/tbody><\/table><\/figure>\n\n\n\n<p><strong>GOEDE PERS<\/strong><br>3281 Averbode<\/p>\n\n\n\n<figure class=\"wp-block-table\"><table><tbody><tr><td>LP 45<\/td><td><em>En van je \u00e9\u00e9n<\/em><\/td><td>Songs from the book \"Jan Oliebol\"<\/td><\/tr><\/tbody><\/table><\/figure>\n\n\n\n<p><strong>MUSICERENDE JEUGD<\/strong><br>3020 Herent, B\u00e9lgica<\/p>\n\n\n\n<figure class=\"wp-block-table\"><table><tbody><tr><td>SIG 95 001<\/td><td><em>Kadeeke<\/em><\/td><td>Songs for children<\/td><\/tr><\/tbody><\/table><\/figure>\n\n\n\n<p><strong>ALPHONSE LEDUC<\/strong><br>Rue Saint-Honor\u00e9, 175 &#8211; 75040 Paris, Fran\u00e7a<\/p>\n\n\n\n<figure class=\"wp-block-table\"><table><tbody><tr><td>LP 33<\/td><td><em>Colores. Bolero<\/em><\/td><td>Pieces for recorders and Orff instruments<\/td><\/tr><\/tbody><\/table><\/figure>","protected":false},"excerpt":{"rendered":"<p>ASSOCIA\u00c7\u00c3O WUYTACK DE PEDAGOGIA MUSICALR. Amial, 556-10A \u2013 4200-055 Porto, Portugal AWPM 001\u2013002 1992 Can\u00e7\u00f5es de Mimar Can\u00e7\u00f5es e acompanhamentos: piano e instrumental Orff AWPM 003 1995 Audi\u00e7\u00e3o Musical Activa 12 excertos de obras de v\u00e1rios compositores AWPM 004 1996 Audici\u00f3n Musical Activa 13 excertos de obras de v\u00e1rios compositores AWPM 005 1999 Can\u00e7\u00f5es Tradicionais [&hellip;]<\/p>","protected":false},"author":1,"featured_media":0,"parent":0,"menu_order":0,"comment_status":"closed","ping_status":"closed","template":"","meta":[],"acf":[],"_links":{"self":[{"href":"https:\/\/awpm.pt\/en\/wp-json\/wp\/v2\/pages\/58"}],"collection":[{"href":"https:\/\/awpm.pt\/en\/wp-json\/wp\/v2\/pages"}],"about":[{"href":"https:\/\/awpm.pt\/en\/wp-json\/wp\/v2\/types\/page"}],"author":[{"embeddable":true,"href":"https:\/\/awpm.pt\/en\/wp-json\/wp\/v2\/users\/1"}],"replies":[{"embeddable":true,"href":"https:\/\/awpm.pt\/en\/wp-json\/wp\/v2\/comments?post=58"}],"version-history":[{"count":5,"href":"https:\/\/awpm.pt\/en\/wp-json\/wp\/v2\/pages\/58\/revisions"}],"predecessor-version":[{"id":869,"href":"https:\/\/awpm.pt\/en\/wp-json\/wp\/v2\/pages\/58\/revisions\/869"}],"wp:attachment":[{"href":"https:\/\/awpm.pt\/en\/wp-json\/wp\/v2\/media?parent=58"}],"curies":[{"name":"wp","href":"https:\/\/api.w.org\/{rel}","templated":true}]}}

<p><strong>ASSOCIAÇÃO WUYTACK DE PEDAGOGIA MUSICAL</strong><br>R. Amial, 556-10A – 4200-055 Porto, Portugal</p>



<figure class="wp-block-table is-style-regular"><table><tbody><tr><td>AWPM 001–002</td><td>1992</td><td><em>Canções de Mimar</em></td><td>Songs and accompaniments, for piano and Orff instruments</td></tr><tr><td>AWPM 003</td><td>1995</td><td><em>Audição Musical Activa</em></td><td>12 excerpts of works of various composers</td></tr><tr><td>AWPM 004</td><td>1996</td><td><em>Audición Musical Activa</em></td><td>13 excerpts of works of various composers</td></tr><tr><td>AWPM 005</td><td>1999</td><td><em>Canções Tradicionais Portuguesas</em></td><td>21 songs, for Soloists, Choir, and Orchestra</td></tr><tr><td>AWPM 006</td><td>2001</td><td><em>Singing Christmas</em></td><td>Songs and Cantata for Orchestra and Orff Instruments</td></tr><tr><td>AWPM 007</td><td>2002</td><td><em>Cantar o Natal. Cantar la Navidad</em></td><td>Christmas Songs, Cantata and Suite, for Choir and Orchestra<br>CD: Instrumental version</td></tr><tr><td>AWPM 008</td><td>2008</td><td><em>Carmina Europea</em></td><td>Traditional songs and dances from 25 UE countries.</td></tr><tr><td>AWPM 009</td><td>2016</td><td><em>Audição Musical Activa 2</em></td><td>15 excerpts of works of various composers</td></tr></tbody></table></figure>



<p><strong>HARMONIA MUNDI</strong><br>St. Michel de Provence, França</p>



<figure class="wp-block-table"><table><tbody><tr><td>HM 4504</td><td><em>Comptines et jeux</em></td><td>Counting games</td></tr><tr><td>HM 4505</td><td><em>Fabulettes</em></td><td>Little fables</td></tr><tr><td>HM 4506</td><td><em>Chantons les animaux</em></td><td>Animal songs</td></tr><tr><td></td><td><em>METHODE ORFF</em></td><td>ORFF METHOD</td></tr><tr><td>HM 30001</td><td><em>Tournois et Troubadours</em></td><td>Tournements and Troubadours</td></tr><tr><td>HM 30002</td><td><em>Rondes et Comptines 1</em></td><td>Rounds and rhymes 2</td></tr><tr><td>HM 30003</td><td><em>Le Printemps</em></td><td>Spring</td></tr><tr><td>HM 30004</td><td><em>L&#8217; Été</em></td><td>Summer</td></tr><tr><td>HM 30005</td><td><em>La Ronde des Animaux</em></td><td>A round of animals</td></tr><tr><td>HM 30006</td><td><em>Rondes et Comptines 2</em></td><td>Rounds and rhymes 2</td></tr><tr><td>HM 30007</td><td><em>La Ronde des Métiers</em></td><td>A round of crafts</td></tr><tr><td>HM 30008</td><td><em>Flûte à bec et Percussions</em></td><td>Recorder and percurssions</td></tr><tr><td>HM 30009</td><td><em>L&#8217; Hiver</em></td><td>Winter</td></tr><tr><td>HM 30010</td><td><em>La Ronde Autour de l&#8217; Europe</em></td><td>Around Europe</td></tr></tbody></table></figure>



<p><strong>ONS DORADO</strong><br>Maria van Boergondielaan, 71, Bus 10 &#8211; 8000 Brugge, Bélgica</p>



<figure class="wp-block-table"><table><tbody><tr><td>Nº107</td><td><em>Missa Activa</em></td><td>Missa</td></tr><tr><td>Nº110</td><td><em>Kleine Kerstcantata</em></td><td>A little Christmas Cantata</td></tr><tr><td>Artec</td><td><em>Humoresken. 4 modale Nederlandse liederen</em></td><td>Humorous pieces. 4 Modal Flemish songs</td></tr><tr><td>EP 111</td><td><em>Chansons Françaises</em></td><td>French songs</td></tr><tr><td>Artec 45 t.</td><td><em>Bolero</em></td><td>Bolero</td></tr><tr><td>Nº123</td><td><em>25 Jaar Ons Dorado</em></td><td>25th Anniversary of group Ons Dorado</td></tr><tr><td>KLA 1000/801</td><td><em>Dances and Songs</em></td><td>Dances and songs</td></tr><tr><td>CD</td><td><em>Orff-Keetman-Wuytack</em></td><td>Pieces of C. Orff, G. Keetman, J. Wuytack</td></tr></tbody></table></figure>



<p><strong>LEMMENSINSTITUUT</strong><br>Herestraat, 53 &#8211; 3000 Leuven, Bélgica</p>



<figure class="wp-block-table"><table><tbody><tr><td>J 5201</td><td><em>Lentekerk nº 11</em></td><td>Arrangements of various songs</td></tr><tr><td>J 5350</td><td><em>De geboorte van de Heer Jezus</em></td><td>Christmas Cantata, for soloists, Choir, classical and Orff instruments</td></tr></tbody></table></figure>



<p><strong>JEUGDMUZIEKSCHOOL STERREBEEK</strong></p>



<figure class="wp-block-table"><table><tbody><tr><td>AV 35</td><td><em>Jeugdmuziekschool Sterrebeek musiceert</em></td><td>Quasi una Sonata, Polivitamines, The Little Train: pieces for Orff instruments</td></tr></tbody></table></figure>



<p><strong>DUCHESNE</strong><br>Liége, Bélgica</p>



<figure class="wp-block-table"><table><tbody><tr><td>33 DD3016</td><td><em>Missa elementaria</em></td><td>Missa elementaria</td></tr></tbody></table></figure>



<p><strong>GOEDE PERS</strong><br>3281 Averbode</p>



<figure class="wp-block-table"><table><tbody><tr><td>LP 45</td><td><em>En van je één</em></td><td>Songs from the book "Jan Oliebol"</td></tr></tbody></table></figure>



<p><strong>MUSICERENDE JEUGD</strong><br>3020 Herent, Bélgica</p>



<figure class="wp-block-table"><table><tbody><tr><td>SIG 95 001</td><td><em>Kadeeke</em></td><td>Songs for children</td></tr></tbody></table></figure>



<p><strong>ALPHONSE LEDUC</strong><br>Rue Saint-Honoré, 175 &#8211; 75040 Paris, França</p>



<figure class="wp-block-table"><table><tbody><tr><td>LP 33</td><td><em>Colores. Bolero</em></td><td>Pieces for recorders and Orff instruments</td></tr></tbody></table></figure>

<p>ASSOCIAÇÃO WUYTACK DE PEDAGOGIA MUSICALR. Amial, 556-10A – 4200-055 Porto, Portugal AWPM 001–002 1992 Canções de Mimar Canções e acompanhamentos: piano e instrumental Orff AWPM 003 1995 Audição Musical Activa 12 excertos de obras de vários compositores AWPM 004 1996 Audición Musical Activa 13 excertos de obras de vários compositores AWPM 005 1999 Canções Tradicionais [&hellip;]</p>
