{"id":54,"date":"2022-02-17T12:00:23","date_gmt":"2022-02-17T12:00:23","guid":{"rendered":"https:\/\/awpm.pt\/?page_id=54"},"modified":"2022-03-24T15:55:34","modified_gmt":"2022-03-24T15:55:34","slug":"objetivos","status":"publish","type":"page","link":"https:\/\/awpm.pt\/en\/objetivos\/","title":{"rendered":"Objectives"},"content":{"rendered":"<div class=\"is-layout-flex wp-container-3 wp-block-columns are-vertically-aligned-center\">\n<div class=\"is-layout-flow wp-block-column is-vertically-aligned-center\">\n<p style=\"font-size:16px\">Conscious of the importance of developing music education in Portugal, the AWPM has fully accomplished its main objectives in the pedagogical, editorial, musical, and cultural fields, during the past three decades:<\/p>\n\n\n\n<ul style=\"font-size:16px\"><li>Contribute to the continuing training of music teachers, by regularly organizing courses for music specialists, educators, musicians, and music students, based on the principles and methods proposed by Jos Wuytack.<\/li><\/ul>\n<\/div>\n\n\n\n<div class=\"is-layout-flow wp-block-column is-vertically-aligned-center\">\n<figure class=\"wp-block-image size-large\"><img decoding=\"async\" width=\"1024\" height=\"682\" src=\"https:\/\/awpm.pt\/wp-content\/uploads\/2022\/03\/9-Curso-Porto-2017-Danca-Conheces-tu-1-1024x682.jpg\" alt=\"\" class=\"wp-image-859\" srcset=\"https:\/\/awpm.pt\/wp-content\/uploads\/2022\/03\/9-Curso-Porto-2017-Danca-Conheces-tu-1-1024x682.jpg 1024w, https:\/\/awpm.pt\/wp-content\/uploads\/2022\/03\/9-Curso-Porto-2017-Danca-Conheces-tu-1-300x200.jpg 300w, https:\/\/awpm.pt\/wp-content\/uploads\/2022\/03\/9-Curso-Porto-2017-Danca-Conheces-tu-1-768x511.jpg 768w, https:\/\/awpm.pt\/wp-content\/uploads\/2022\/03\/9-Curso-Porto-2017-Danca-Conheces-tu-1-1536x1023.jpg 1536w, https:\/\/awpm.pt\/wp-content\/uploads\/2022\/03\/9-Curso-Porto-2017-Danca-Conheces-tu-1-2048x1364.jpg 2048w, https:\/\/awpm.pt\/wp-content\/uploads\/2022\/03\/9-Curso-Porto-2017-Danca-Conheces-tu-1-18x12.jpg 18w, https:\/\/awpm.pt\/wp-content\/uploads\/2022\/03\/9-Curso-Porto-2017-Danca-Conheces-tu-1-1800x1200.jpg 1800w, https:\/\/awpm.pt\/wp-content\/uploads\/2022\/03\/9-Curso-Porto-2017-Danca-Conheces-tu-1-1280x852.jpg 1280w, https:\/\/awpm.pt\/wp-content\/uploads\/2022\/03\/9-Curso-Porto-2017-Danca-Conheces-tu-1-1000x666.jpg 1000w, https:\/\/awpm.pt\/wp-content\/uploads\/2022\/03\/9-Curso-Porto-2017-Danca-Conheces-tu-1-600x400.jpg 600w\" sizes=\"(max-width: 1024px) 100vw, 1024px\" \/><\/figure>\n<\/div>\n<\/div>\n\n\n\n<div class=\"is-layout-flex wp-container-6 wp-block-columns are-vertically-aligned-center\">\n<div class=\"is-layout-flow wp-block-column is-vertically-aligned-center\">\n<ul style=\"font-size:16px\"><li>Publish and disseminate resources for music education in the Portuguese language (books, CD\u2019s, and others) on specific topics (Active Music Listening, vocal and instrumental training, children\u2019s songs with motion, traditional songs), in order to stimulate teachers\u2019 musical practice and professional development.<\/li><li>Encourage the musical practice amongst children and young people in both formal and informal contexts, by supporting the creation of vocal and instrumental groups, and by organizing concerts, performed by young musicians especially aimed at young audiences.<\/li><li>Promote the decentralization of activities, responding to the needs of musical and pedagogical teacher education in different regions of Portugal, especially where the offer is scarce.<\/li><\/ul>\n<\/div>\n\n\n\n<div class=\"is-layout-flow wp-block-column is-vertically-aligned-center\">\n<figure class=\"wp-block-image size-large\"><img decoding=\"async\" width=\"1024\" height=\"575\" src=\"https:\/\/awpm.pt\/wp-content\/uploads\/2022\/03\/Objetivos-1-1024x575.jpg\" alt=\"\" class=\"wp-image-758\" srcset=\"https:\/\/awpm.pt\/wp-content\/uploads\/2022\/03\/Objetivos-1-1024x575.jpg 1024w, https:\/\/awpm.pt\/wp-content\/uploads\/2022\/03\/Objetivos-1-300x168.jpg 300w, https:\/\/awpm.pt\/wp-content\/uploads\/2022\/03\/Objetivos-1-768x431.jpg 768w, https:\/\/awpm.pt\/wp-content\/uploads\/2022\/03\/Objetivos-1-1536x862.jpg 1536w, https:\/\/awpm.pt\/wp-content\/uploads\/2022\/03\/Objetivos-1-2048x1149.jpg 2048w, https:\/\/awpm.pt\/wp-content\/uploads\/2022\/03\/Objetivos-1-18x10.jpg 18w, https:\/\/awpm.pt\/wp-content\/uploads\/2022\/03\/Objetivos-1-1280x720.jpg 1280w, https:\/\/awpm.pt\/wp-content\/uploads\/2022\/03\/Objetivos-1-1000x561.jpg 1000w, https:\/\/awpm.pt\/wp-content\/uploads\/2022\/03\/Objetivos-1-600x337.jpg 600w\" sizes=\"(max-width: 1024px) 100vw, 1024px\" \/><\/figure>\n<\/div>\n<\/div>\n\n\n\n<div class=\"is-layout-flex wp-container-9 wp-block-columns are-vertically-aligned-center\">\n<div class=\"is-layout-flow wp-block-column is-vertically-aligned-center\">\n<ul style=\"font-size:16px\"><li>Promote the exchange of musical and pedagogical experiences both nationally and internationally, by facilitating contacts between students, teachers, specialists, and institutions of music education.<\/li><li>Develop a multicultural perspective of music education: (1) by teaching music from different cultures: (2) by spreading the Portuguese musical heritage across borders, through its publication and its dissemination in international events.<\/li><\/ul>\n<\/div>\n\n\n\n<div class=\"is-layout-flow wp-block-column is-vertically-aligned-center\">\n<figure class=\"wp-block-image size-full\"><img decoding=\"async\" width=\"1024\" height=\"768\" src=\"https:\/\/awpm.pt\/wp-content\/uploads\/2022\/02\/3-Curso-JW-Curitiba-2010-b.jpg\" alt=\"\" class=\"wp-image-211\" srcset=\"https:\/\/awpm.pt\/wp-content\/uploads\/2022\/02\/3-Curso-JW-Curitiba-2010-b.jpg 1024w, https:\/\/awpm.pt\/wp-content\/uploads\/2022\/02\/3-Curso-JW-Curitiba-2010-b-300x225.jpg 300w, https:\/\/awpm.pt\/wp-content\/uploads\/2022\/02\/3-Curso-JW-Curitiba-2010-b-768x576.jpg 768w, https:\/\/awpm.pt\/wp-content\/uploads\/2022\/02\/3-Curso-JW-Curitiba-2010-b-94x70.jpg 94w, https:\/\/awpm.pt\/wp-content\/uploads\/2022\/02\/3-Curso-JW-Curitiba-2010-b-600x450.jpg 600w, https:\/\/awpm.pt\/wp-content\/uploads\/2022\/02\/3-Curso-JW-Curitiba-2010-b-900x675.jpg 900w, https:\/\/awpm.pt\/wp-content\/uploads\/2022\/02\/3-Curso-JW-Curitiba-2010-b-1000x750.jpg 1000w\" sizes=\"(max-width: 1024px) 100vw, 1024px\" \/><\/figure>\n<\/div>\n<\/div>","protected":false},"excerpt":{"rendered":"<p>Consciente da import\u00e2ncia do desenvolvimento da educa\u00e7\u00e3o musical no nosso pa\u00eds, a Associa\u00e7\u00e3o Wuytack de Pedagogia Musical tem, ao longo de tr\u00eas d\u00e9cadas, cumprido amplamente os objectivos que se prop\u00f4s atingir, nas vertentes pedag\u00f3gica, editorial, musical e cultural, nomeadamente: Contribuir para a forma\u00e7\u00e3o cont\u00ednua dos profissionais da educa\u00e7\u00e3o musical, organizando regularmente cursos para professores, educadores, [&hellip;]<\/p>","protected":false},"author":1,"featured_media":0,"parent":0,"menu_order":0,"comment_status":"closed","ping_status":"closed","template":"","meta":[],"acf":[],"_links":{"self":[{"href":"https:\/\/awpm.pt\/en\/wp-json\/wp\/v2\/pages\/54"}],"collection":[{"href":"https:\/\/awpm.pt\/en\/wp-json\/wp\/v2\/pages"}],"about":[{"href":"https:\/\/awpm.pt\/en\/wp-json\/wp\/v2\/types\/page"}],"author":[{"embeddable":true,"href":"https:\/\/awpm.pt\/en\/wp-json\/wp\/v2\/users\/1"}],"replies":[{"embeddable":true,"href":"https:\/\/awpm.pt\/en\/wp-json\/wp\/v2\/comments?post=54"}],"version-history":[{"count":23,"href":"https:\/\/awpm.pt\/en\/wp-json\/wp\/v2\/pages\/54\/revisions"}],"predecessor-version":[{"id":950,"href":"https:\/\/awpm.pt\/en\/wp-json\/wp\/v2\/pages\/54\/revisions\/950"}],"wp:attachment":[{"href":"https:\/\/awpm.pt\/en\/wp-json\/wp\/v2\/media?parent=54"}],"curies":[{"name":"wp","href":"https:\/\/api.w.org\/{rel}","templated":true}]}}

<p>Consciente da importância do desenvolvimento da educação musical no nosso país, a Associação Wuytack de Pedagogia Musical tem, ao longo de três décadas, cumprido amplamente os objectivos que se propôs atingir, nas vertentes pedagógica, editorial, musical e cultural, nomeadamente: Contribuir para a formação contínua dos profissionais da educação musical, organizando regularmente cursos para professores, educadores, [&hellip;]</p>
