{"id":249,"date":"2022-02-24T12:47:27","date_gmt":"2022-02-24T12:47:27","guid":{"rendered":"https:\/\/awpm.pt\/?page_id=249"},"modified":"2025-03-22T14:38:02","modified_gmt":"2025-03-22T14:38:02","slug":"a-awpm","status":"publish","type":"page","link":"https:\/\/awpm.pt\/en\/a-awpm\/","title":{"rendered":"AWPM"},"content":{"rendered":"<div class=\"vc_row wpb_row vc_row-fluid\"><div class=\"wpb_column vc_column_container vc_col-sm-12\"><div class=\"vc_column-inner\"><div class=\"wpb_wrapper\">\n\t<div class=\"wpb_text_column wpb_content_element\" >\n\t\t<div class=\"wpb_wrapper\">\n\t\t\t<div class=\"wp-block-themepunch-revslider revslider\" data-modal=\"false\" data-slidertitle=\"awpm\" style=\"\">\n\n\t\t<\/div>\n\t<\/div>\n<\/div><\/div><\/div><\/div>\n\t\t\t<!-- START awpm REVOLUTION SLIDER 6.5.15 --><p class=\"rs-p-wp-fix\"><\/p>\n\t\t\t<rs-module-wrap id=\"rev_slider_2_1_wrapper\" data-source=\"gallery\" style=\"visibility:hidden;background:transparent;padding:0;margin:0px auto;margin-top:0;margin-bottom:50px;\">\n\t\t\t\t<rs-module id=\"rev_slider_2_1\" style=\"\" data-version=\"6.5.15\">\n\t\t\t\t\t<rs-slides>\n\t\t\t\t\t\t<rs-slide style=\"position: absolute;\" data-key=\"rs-4\" data-title=\"Slide\" data-thumb=\"\/\/awpm.pt\/wp-content\/uploads\/2022\/02\/5-Concerto-da-Primavera-2010-50x100.jpg\" data-in=\"o:0;\" data-out=\"a:false;\">\n\t\t\t\t\t\t\t<img src=\"\/\/awpm.pt\/wp-content\/plugins\/revslider\/public\/assets\/assets\/dummy.png\" alt=\"\" title=\"5-Concerto da Primavera 2010\" width=\"1024\" height=\"768\" class=\"rev-slidebg tp-rs-img rs-lazyload\" data-lazyload=\"\/\/awpm.pt\/wp-content\/uploads\/2022\/02\/5-Concerto-da-Primavera-2010.jpg\" data-no-retina>\n<!--\n\t\t\t\t\t\t\t--><rs-layer\n\t\t\t\t\t\t\t\tid=\"slider-2-slide-4-layer-0\" \n\t\t\t\t\t\t\t\tdata-type=\"text\"\n\t\t\t\t\t\t\t\tdata-color=\"#fff\"\n\t\t\t\t\t\t\t\tdata-rsp_ch=\"on\"\n\t\t\t\t\t\t\t\tdata-xy=\"x:20px;y:652px;\"\n\t\t\t\t\t\t\t\tdata-text=\"w:normal;s:34;l:43;fw:900;\"\n\t\t\t\t\t\t\t\tdata-frame_999=\"o:0;st:w;\"\n\t\t\t\t\t\t\t\tstyle=\"z-index:5;font-family:'Roboto';text-transform:uppercase;\"\n\t\t\t\t\t\t\t> 33 Anos<br \/>\n Aprender a ensinar m\u00fasica com alegria! \n\t\t\t\t\t\t\t<\/rs-layer><!--\n\n\t\t\t\t\t\t\t--><rs-layer\n\t\t\t\t\t\t\t\tid=\"slider-2-slide-4-layer-1\" \n\t\t\t\t\t\t\t\tdata-type=\"text\"\n\t\t\t\t\t\t\t\tdata-color=\"#fff\"\n\t\t\t\t\t\t\t\tdata-rsp_ch=\"on\"\n\t\t\t\t\t\t\t\tdata-xy=\"x:16px;y:779px;\"\n\t\t\t\t\t\t\t\tdata-text=\"w:normal;s:34;l:43;fw:900;\"\n\t\t\t\t\t\t\t\tdata-frame_999=\"o:0;st:w;\"\n\t\t\t\t\t\t\t\tstyle=\"z-index:5;font-family:'Roboto';text-transform:uppercase;\"\n\t\t\t\t\t\t\t> 33 Years<br \/>\n Learning to teach music with joy! \n\t\t\t\t\t\t\t<\/rs-layer><!--\n-->\t\t\t\t\t\t<\/rs-slide>\n\t\t\t\t\t\t<rs-slide style=\"position: absolute;\" data-key=\"rs-5\" data-title=\"Slide\" data-thumb=\"\/\/awpm.pt\/wp-content\/uploads\/2022\/02\/6-Concerto-20Mar10-50x100.jpg\" data-in=\"o:0;\" data-out=\"a:false;\">\n\t\t\t\t\t\t\t<img src=\"\/\/awpm.pt\/wp-content\/plugins\/revslider\/public\/assets\/assets\/dummy.png\" alt=\"\" title=\"6-Concerto 20Mar10\" width=\"1024\" height=\"768\" class=\"rev-slidebg tp-rs-img rs-lazyload\" data-lazyload=\"\/\/awpm.pt\/wp-content\/uploads\/2022\/02\/6-Concerto-20Mar10.jpg\" data-no-retina>\n<!--\n\t\t\t\t\t\t\t--><rs-layer\n\t\t\t\t\t\t\t\tid=\"slider-2-slide-5-layer-2\" \n\t\t\t\t\t\t\t\tdata-type=\"text\"\n\t\t\t\t\t\t\t\tdata-color=\"#fff\"\n\t\t\t\t\t\t\t\tdata-rsp_ch=\"on\"\n\t\t\t\t\t\t\t\tdata-xy=\"x:16px;y:779px;\"\n\t\t\t\t\t\t\t\tdata-text=\"w:normal;s:34;l:43;fw:900;\"\n\t\t\t\t\t\t\t\tdata-frame_999=\"o:0;st:w;\"\n\t\t\t\t\t\t\t\tstyle=\"z-index:5;font-family:'Roboto';text-transform:uppercase;\"\n\t\t\t\t\t\t\t> 33 Years<br \/>\n Learning to teach music with joy! \n\t\t\t\t\t\t\t<\/rs-layer><!--\n\n\t\t\t\t\t\t\t--><rs-layer\n\t\t\t\t\t\t\t\tid=\"slider-2-slide-5-layer-3\" \n\t\t\t\t\t\t\t\tdata-type=\"text\"\n\t\t\t\t\t\t\t\tdata-color=\"#fff\"\n\t\t\t\t\t\t\t\tdata-rsp_ch=\"on\"\n\t\t\t\t\t\t\t\tdata-xy=\"x:20px;y:652px;\"\n\t\t\t\t\t\t\t\tdata-text=\"w:normal;s:34;l:43;fw:900;\"\n\t\t\t\t\t\t\t\tdata-frame_999=\"o:0;st:w;\"\n\t\t\t\t\t\t\t\tstyle=\"z-index:5;font-family:'Roboto';text-transform:uppercase;\"\n\t\t\t\t\t\t\t> 33 Anos<br \/>\n Aprender a ensinar m\u00fasica com alegria! \n\t\t\t\t\t\t\t<\/rs-layer><!--\n-->\t\t\t\t\t\t<\/rs-slide>\n\t\t\t\t\t\t<rs-slide style=\"position: absolute;\" data-key=\"rs-6\" data-title=\"Slide\" data-thumb=\"\/\/awpm.pt\/wp-content\/uploads\/2022\/02\/7-Concerto-14-Out-17-Agradecimento-50x100.jpg\" data-in=\"o:0;\" data-out=\"a:false;\">\n\t\t\t\t\t\t\t<img src=\"\/\/awpm.pt\/wp-content\/plugins\/revslider\/public\/assets\/assets\/dummy.png\" alt=\"\" title=\"7-Concerto 14 Out 17 Agradecimento\" width=\"1024\" height=\"681\" class=\"rev-slidebg tp-rs-img rs-lazyload\" data-lazyload=\"\/\/awpm.pt\/wp-content\/uploads\/2022\/02\/7-Concerto-14-Out-17-Agradecimento.jpg\" data-no-retina>\n<!--\n\t\t\t\t\t\t\t--><rs-layer\n\t\t\t\t\t\t\t\tid=\"slider-2-slide-6-layer-4\" \n\t\t\t\t\t\t\t\tdata-type=\"text\"\n\t\t\t\t\t\t\t\tdata-color=\"#fff\"\n\t\t\t\t\t\t\t\tdata-rsp_ch=\"on\"\n\t\t\t\t\t\t\t\tdata-xy=\"x:24px;y:141px;\"\n\t\t\t\t\t\t\t\tdata-text=\"w:normal;s:34;l:43;fw:900;\"\n\t\t\t\t\t\t\t\tdata-frame_999=\"o:0;st:w;\"\n\t\t\t\t\t\t\t\tstyle=\"z-index:5;font-family:'Roboto';text-transform:uppercase;\"\n\t\t\t\t\t\t\t> 33 Years<br \/>\n Learning to teach music with joy! \n\t\t\t\t\t\t\t<\/rs-layer><!--\n\n\t\t\t\t\t\t\t--><rs-layer\n\t\t\t\t\t\t\t\tid=\"slider-2-slide-6-layer-5\" \n\t\t\t\t\t\t\t\tdata-type=\"text\"\n\t\t\t\t\t\t\t\tdata-color=\"#fff\"\n\t\t\t\t\t\t\t\tdata-rsp_ch=\"on\"\n\t\t\t\t\t\t\t\tdata-xy=\"x:24px;y:34px;\"\n\t\t\t\t\t\t\t\tdata-text=\"w:normal;s:34;l:43;fw:900;\"\n\t\t\t\t\t\t\t\tdata-frame_999=\"o:0;st:w;\"\n\t\t\t\t\t\t\t\tstyle=\"z-index:5;font-family:'Roboto';text-transform:uppercase;\"\n\t\t\t\t\t\t\t> 33 Anos<br \/>\n Aprender a ensinar m\u00fasica com alegria! \n\t\t\t\t\t\t\t<\/rs-layer><!--\n-->\t\t\t\t\t\t<\/rs-slide>\n\t\t\t\t\t<\/rs-slides>\n\t\t\t\t<\/rs-module>\n\t\t\t\t<script>\n\t\t\t\t\tsetREVStartSize({c: 'rev_slider_2_1',rl:[1240,1024,778,480],el:[900],gw:[1240],gh:[900],type:'standard',justify:'',layout:'fullwidth',mh:\"0\"});if (window.RS_MODULES!==undefined && window.RS_MODULES.modules!==undefined && window.RS_MODULES.modules[\"revslider21\"]!==undefined) {window.RS_MODULES.modules[\"revslider21\"].once = false;window.revapi2 = undefined;if (window.RS_MODULES.checkMinimal!==undefined) window.RS_MODULES.checkMinimal()}\n\t\t\t\t<\/script>\n\t\t\t<\/rs-module-wrap>\n\t\t\t<!-- END REVOLUTION SLIDER -->\n\t\t\t<div style=\"clear:both;display:block;width:100%;height:0px\"><\/div><div class=\"vc_row wpb_row vc_row-fluid\"><div class=\"wpb_column vc_column_container vc_col-sm-12\"><div class=\"vc_column-inner\"><div class=\"wpb_wrapper\">\n\t<div class=\"wpb_text_column wpb_content_element\" >\n\t\t<div class=\"wpb_wrapper\">\n\t\t\t<\/div>\n<p>The <strong>Associa\u00e7\u00e3o Wuytack de Pedagogia Musical &#8211; AWPM<\/strong>, created in Porto in 1992, is a non-profit pedagogical and cultural association, with the status of Public Utility, whose purpose is to disseminate, in Portugal, the musical-pedagogical principles developed by the Belgian composer and pedagogue Jos Wuytack, personality of worldwide importance in teacher education.<\/p>\n<p>The activities carried out by AWPM cover several complementary areas: pedagogical (training of teachers), editorial (publication of books and CDs), musical and cultural (dynamization of concerts with children and young performers; exchange with other institutions, nationally and internationally) .<\/p>\n<p>Emanating from the ideas of the <em>Orff-Schulwerk<\/em> (School work by Carl Orff), Wuytack pedagogy is based on principles of activity, creativity, community and wholeness. developing a song <em>elementary<\/em>, which forms a unity with the word and the movement, aims at the integration of verbal, musical and corporal expressions. It is intended that the child participates in an ensemble music, in which the voice, as a means of expression, par excellence, of the human being, the Orff instruments, in the creation and musical interpretation, and the body, through movement, mime and dance.<\/p>\n\n\t\t<\/div>\n\t<\/div>\n<\/div><\/div><\/div><\/div>","protected":false},"excerpt":{"rendered":"33 Anos Aprender a ensinar m\u00fasica com alegria! 33 Years Learning to teach music with joy! 33 Years Learning to teach music with joy! 33 Anos Aprender a ensinar m\u00fasica com alegria! 33 Years Learning to teach music with joy! 33 Anos Aprender a ensinar m\u00fasica com alegria! A Associa\u00e7\u00e3o Wuytack de Pedagogia Musical - [...]","protected":false},"author":1,"featured_media":0,"parent":0,"menu_order":0,"comment_status":"closed","ping_status":"closed","template":"","meta":[],"acf":[],"_links":{"self":[{"href":"https:\/\/awpm.pt\/en\/wp-json\/wp\/v2\/pages\/249"}],"collection":[{"href":"https:\/\/awpm.pt\/en\/wp-json\/wp\/v2\/pages"}],"about":[{"href":"https:\/\/awpm.pt\/en\/wp-json\/wp\/v2\/types\/page"}],"author":[{"embeddable":true,"href":"https:\/\/awpm.pt\/en\/wp-json\/wp\/v2\/users\/1"}],"replies":[{"embeddable":true,"href":"https:\/\/awpm.pt\/en\/wp-json\/wp\/v2\/comments?post=249"}],"version-history":[{"count":5,"href":"https:\/\/awpm.pt\/en\/wp-json\/wp\/v2\/pages\/249\/revisions"}],"predecessor-version":[{"id":1535,"href":"https:\/\/awpm.pt\/en\/wp-json\/wp\/v2\/pages\/249\/revisions\/1535"}],"wp:attachment":[{"href":"https:\/\/awpm.pt\/en\/wp-json\/wp\/v2\/media?parent=249"}],"curies":[{"name":"wp","href":"https:\/\/api.w.org\/{rel}","templated":true}]}}

<div class="vc_row wpb_row vc_row-fluid"><div class="wpb_column vc_column_container vc_col-sm-12"><div class="vc_column-inner"><div class="wpb_wrapper">
	<div class="wpb_text_column wpb_content_element" >
		<div class="wpb_wrapper">
			<div class="wp-block-themepunch-revslider revslider" data-modal="false" data-slidertitle="awpm" style="">

		</div>
	</div>
</div></div></div></div>
			<!-- START awpm REVOLUTION SLIDER 6.5.15 --><p class="rs-p-wp-fix"></p>
			<rs-module-wrap id="rev_slider_2_1_wrapper" data-source="gallery" style="visibility:hidden;background:transparent;padding:0;margin:0px auto;margin-top:0;margin-bottom:50px;">
				<rs-module id="rev_slider_2_1" style="" data-version="6.5.15">
					<rs-slides>
						<rs-slide style="position: absolute;" data-key="rs-4" data-title="Slide" data-thumb="//awpm.pt/wp-content/uploads/2022/02/5-Concerto-da-Primavera-2010-50x100.jpg" data-in="o:0;" data-out="a:false;">
							<img src="//awpm.pt/wp-content/plugins/revslider/public/assets/assets/dummy.png" alt="" title="5-Concerto da Primavera 2010" width="1024" height="768" class="rev-slidebg tp-rs-img rs-lazyload" data-lazyload="//awpm.pt/wp-content/uploads/2022/02/5-Concerto-da-Primavera-2010.jpg" data-no-retina>
<!--
							--><rs-layer
								id="slider-2-slide-4-layer-0" 
								data-type="text"
								data-color="#fff"
								data-rsp_ch="on"
								data-xy="x:20px;y:652px;"
								data-text="w:normal;s:34;l:43;fw:900;"
								data-frame_999="o:0;st:w;"
								style="z-index:5;font-family:'Roboto';text-transform:uppercase;"
							> 33 Anos<br />
 Aprender a ensinar música com alegria! 
							</rs-layer><!--

							--><rs-layer
								id="slider-2-slide-4-layer-1" 
								data-type="text"
								data-color="#fff"
								data-rsp_ch="on"
								data-xy="x:16px;y:779px;"
								data-text="w:normal;s:34;l:43;fw:900;"
								data-frame_999="o:0;st:w;"
								style="z-index:5;font-family:'Roboto';text-transform:uppercase;"
							> 33 Years<br />
 Learning to teach music with joy! 
							</rs-layer><!--
-->						</rs-slide>
						<rs-slide style="position: absolute;" data-key="rs-5" data-title="Slide" data-thumb="//awpm.pt/wp-content/uploads/2022/02/6-Concerto-20Mar10-50x100.jpg" data-in="o:0;" data-out="a:false;">
							<img src="//awpm.pt/wp-content/plugins/revslider/public/assets/assets/dummy.png" alt="" title="6-Concerto 20Mar10" width="1024" height="768" class="rev-slidebg tp-rs-img rs-lazyload" data-lazyload="//awpm.pt/wp-content/uploads/2022/02/6-Concerto-20Mar10.jpg" data-no-retina>
<!--
							--><rs-layer
								id="slider-2-slide-5-layer-2" 
								data-type="text"
								data-color="#fff"
								data-rsp_ch="on"
								data-xy="x:16px;y:779px;"
								data-text="w:normal;s:34;l:43;fw:900;"
								data-frame_999="o:0;st:w;"
								style="z-index:5;font-family:'Roboto';text-transform:uppercase;"
							> 33 Years<br />
 Learning to teach music with joy! 
							</rs-layer><!--

							--><rs-layer
								id="slider-2-slide-5-layer-3" 
								data-type="text"
								data-color="#fff"
								data-rsp_ch="on"
								data-xy="x:20px;y:652px;"
								data-text="w:normal;s:34;l:43;fw:900;"
								data-frame_999="o:0;st:w;"
								style="z-index:5;font-family:'Roboto';text-transform:uppercase;"
							> 33 Anos<br />
 Aprender a ensinar música com alegria! 
							</rs-layer><!--
-->						</rs-slide>
						<rs-slide style="position: absolute;" data-key="rs-6" data-title="Slide" data-thumb="//awpm.pt/wp-content/uploads/2022/02/7-Concerto-14-Out-17-Agradecimento-50x100.jpg" data-in="o:0;" data-out="a:false;">
							<img src="//awpm.pt/wp-content/plugins/revslider/public/assets/assets/dummy.png" alt="" title="7-Concerto 14 Out 17 Agradecimento" width="1024" height="681" class="rev-slidebg tp-rs-img rs-lazyload" data-lazyload="//awpm.pt/wp-content/uploads/2022/02/7-Concerto-14-Out-17-Agradecimento.jpg" data-no-retina>
<!--
							--><rs-layer
								id="slider-2-slide-6-layer-4" 
								data-type="text"
								data-color="#fff"
								data-rsp_ch="on"
								data-xy="x:24px;y:141px;"
								data-text="w:normal;s:34;l:43;fw:900;"
								data-frame_999="o:0;st:w;"
								style="z-index:5;font-family:'Roboto';text-transform:uppercase;"
							> 33 Years<br />
 Learning to teach music with joy! 
							</rs-layer><!--

							--><rs-layer
								id="slider-2-slide-6-layer-5" 
								data-type="text"
								data-color="#fff"
								data-rsp_ch="on"
								data-xy="x:24px;y:34px;"
								data-text="w:normal;s:34;l:43;fw:900;"
								data-frame_999="o:0;st:w;"
								style="z-index:5;font-family:'Roboto';text-transform:uppercase;"
							> 33 Anos<br />
 Aprender a ensinar música com alegria! 
							</rs-layer><!--
-->						</rs-slide>
					</rs-slides>
				</rs-module>
				<script>
					setREVStartSize({c: 'rev_slider_2_1',rl:[1240,1024,778,480],el:[900],gw:[1240],gh:[900],type:'standard',justify:'',layout:'fullwidth',mh:"0"});if (window.RS_MODULES!==undefined && window.RS_MODULES.modules!==undefined && window.RS_MODULES.modules["revslider21"]!==undefined) {window.RS_MODULES.modules["revslider21"].once = false;window.revapi2 = undefined;if (window.RS_MODULES.checkMinimal!==undefined) window.RS_MODULES.checkMinimal()}
				</script>
			</rs-module-wrap>
			<!-- END REVOLUTION SLIDER -->
			<div style="clear:both;display:block;width:100%;height:0px"></div><div class="vc_row wpb_row vc_row-fluid"><div class="wpb_column vc_column_container vc_col-sm-12"><div class="vc_column-inner"><div class="wpb_wrapper">
	<div class="wpb_text_column wpb_content_element" >
		<div class="wpb_wrapper">
			</div>
<p>The <strong>Associação Wuytack de Pedagogia Musical &#8211; AWPM</strong>, created in Porto in 1992, is a non-profit pedagogical and cultural association, with the status of Public Utility, whose purpose is to disseminate, in Portugal, the musical-pedagogical principles developed by the Belgian composer and pedagogue Jos Wuytack, personality of worldwide importance in teacher education.</p>
<p>The activities carried out by AWPM cover several complementary areas: pedagogical (training of teachers), editorial (publication of books and CDs), musical and cultural (dynamization of concerts with children and young performers; exchange with other institutions, nationally and internationally) .</p>
<p>Emanating from the ideas of the <em>Orff-Schulwerk</em> (School work by Carl Orff), Wuytack pedagogy is based on principles of activity, creativity, community and wholeness. developing a song <em>elementary</em>, which forms a unity with the word and the movement, aims at the integration of verbal, musical and corporal expressions. It is intended that the child participates in an ensemble music, in which the voice, as a means of expression, par excellence, of the human being, the Orff instruments, in the creation and musical interpretation, and the body, through movement, mime and dance.</p>

		</div>
	</div>
</div></div></div></div>

33 Anos Aprender a ensinar música com alegria! 33 Years Learning to teach music with joy! 33 Years Learning to teach music with joy! 33 Anos Aprender a ensinar música com alegria! 33 Years Learning to teach music with joy! 33 Anos Aprender a ensinar música com alegria! A Associação Wuytack de Pedagogia Musical - [...]
